2.
2, 411041
What are the prime factors of 157723?
109, 1447
What are the prime factors of 491752?
2, 61469
What are the prime factors of 5922139?
181, 32719
List the prime factors of 6319954.
2, 17, 151, 1231
List the prime factors of 389693.
181, 2153
List the prime factors of 178093.
178093
What are the prime factors of 1568053?
1568053
What are the prime factors of 22897874?
2, 83, 271, 509
What are the prime factors of 311312?
2, 19457
What are the prime factors of 285054?
2, 3, 7, 11, 617
What are the prime factors of 71091?
3, 2633
List the prime factors of 2230500.
2, 3, 5, 1487
What are the prime factors of 213534?
2, 3, 11863
What are the prime factors of 665746?
2, 332873
What are the prime factors of 139975?
5, 11, 509
List the prime factors of 428300.
2, 5, 4283
List the prime factors of 304438.
2, 152219
List the prime factors of 9856795.
5, 13, 151643
List the prime factors of 25901994.
2, 3, 4316999
What are the prime factors of 18941923?
7, 11, 13, 127, 149
List the prime factors of 428903.
439, 977
List the prime factors of 10859362.
2, 17, 31, 10303
List the prime factors of 6034868.
2, 7, 215531
What are the prime factors of 4253858?
2, 7, 311, 977
List the prime factors of 926071.
547, 1693
What are the prime factors of 255536?
2, 15971
List the prime factors of 37928787.
3, 13, 972533
List the prime factors of 3110629.
41, 75869
What are the prime factors of 19185?
3, 5, 1279
List the prime factors of 174933.
3, 11, 19, 31
List the prime factors of 1016016.
2, 3, 61, 347
What are the prime factors of 287344?
2, 17959
What are the prime factors of 28025820?
2, 3, 5, 155699
List the prime factors of 1388968.
2, 7, 17, 1459
What are the prime factors of 716083?
53, 59, 229
What are the prime factors of 1383775?
5, 55351
What are the prime factors of 556555?
5, 79, 1409
What are the prime factors of 720194?
2, 293, 1229
What are the prime factors of 2577710?
2, 5, 17, 59, 257
What are the prime factors of 26117561?
1187, 22003
What are the prime factors of 700992?
2, 3, 1217
What are the prime factors of 988938?
2, 3, 54941
List the prime factors of 3455893.
7, 73, 6763
List the prime factors of 261328.
2, 16333
What are the prime factors of 543708?
2, 3, 11, 1373
What are the prime factors of 21680367?
3, 103, 70163
What are the prime factors of 143305?
5, 28661
What are the prime factors of 1652244?
2, 3, 11, 12517
What are the prime factors of 18530885?
5, 61, 60757
List the prime factors of 142762.
2, 41, 1741
List the prime factors of 69629.
7, 29
List the prime factors of 692124.
2, 3, 137, 421
What are the prime factors of 15912?
2, 3, 13, 17
List the prime factors of 178210.
2, 5, 71, 251
What are the prime factors of 185561?
97, 1913
What are the prime factors of 1415526?
2, 3, 7, 33703
List the prime factors of 569586.
2, 3, 59, 1609
List the prime factors of 609916.
2, 41, 3719
What are the prime factors of 195718?
2, 97859
List the prime factors of 3085000.
2, 5, 617
What are the prime factors of 576817?
23, 31, 809
What are the prime factors of 1619697?
3, 539899
What are the prime factors of 179748?
2, 3, 4993
What are the prime factors of 936977?
101, 9277
List the prime factors of 60510.
2, 3, 5, 2017
What are the prime factors of 7943461?
379, 20959
List the prime factors of 118067.
37, 3191
List the prime factors of 5600449.
43, 139, 937
What are the prime factors of 348581?
53, 6577
What are the prime factors of 154401?
3, 13, 37, 107
What are the prime factors of 32732?
2, 7, 167
What are the prime factors of 1577605?
5, 315521
What are the prime factors of 277400?
2, 5, 19, 73
List the prime factors of 654623.
654623
List the prime factors of 7435388.
2, 43, 139, 311
List the prime factors of 6693922.
2, 3346961
What are the prime factors of 937761?
3, 11, 157, 181
List the prime factors of 967157.
19, 109, 467
List the prime factors of 10964638.
2, 31, 176849
List the prime factors of 148640.
2, 5, 929
List the prime factors of 36941201.
11, 47, 71453
What are the prime factors of 78876?
2, 3, 7, 313
What are the prime factors of 444606?
2, 3, 74101
List the prime factors of 522563.
17, 59, 521
What are the prime factors of 1812959?
1812959
List the prime factors of 1236898.
2, 13, 113, 421
List the prime factors of 4544335.
5, 433, 2099
List the prime factors of 2931767.
859, 3413
List the prime factors of 12604315.
5, 19, 6983
What are the prime factors of 2225158?
2, 13, 23, 61
List the prime factors of 22665291.
3, 11, 53, 12959
List the prime factors of 391259.
11, 35569
What are the prime factors of 9949777?
17, 23, 25447
List the prime factors of 1813276.
2, 227, 1997
List the prime factors of 1984871.
7, 283553
List the prime factors of 535655.
5, 149, 719
What are the prime factors of 143662?
2, 109, 659
List the prime factors of 413675.
5, 16547
What are the prime factors of 162289?
162289
What are the prime factors of 314601?
3, 7, 71, 211
What are the prime factors of 2414133?
3, 268237
What are the prime factors of 5989437?
3, 221831
What are the prime factors of 326677?
13, 1933
List the prime factors of 209603.
239, 877
What are the prime factors of 221928?
2, 3, 7, 1321
List the prime factors of 172604.
2, 43151
List the prime factors of 21954239.
73, 300743
List the prime factors of 1268227.
199, 6373
List the prime factors of 9681350.
2, 5, 7, 139, 199
What are the prime factors of 12895756?
2, 19, 169681
What are the prime factors of 3112609?
3112609
What are the prime factors of 1981835?
5, 127, 3121
List the prime factors of 7565.
5, 17, 89
What are the prime factors of 82674?
2, 3, 1531
List the prime factors of 2326542.
2, 3, 23, 733
What are the prime factors of 4191444?
2, 3, 173, 673
List the prime factors of 1201542.
2, 3, 200257
List the prime factors of 1546488.
2, 3, 47, 457
List the prime factors of 23472876.
2, 3, 7, 103, 2713
What are the prime factors of 20142?
2, 3, 373
What are the prime factors of 349392?
2, 3, 29, 251
List the prime factors of 21501365.
5, 4300273
List the prime factors of 110420.
2, 5, 5521
What are the prime factors of 106059?
3, 35353
What are the prime factors of 1533379?
1533379
List the prime factors of 6680895.
3, 5, 13, 34261
What are the prime factors of 19947136?
2, 11, 31, 457
What are the prime factors of 6626141?
17, 389773
What are the prime factors of 1063335?
3, 5, 7, 13, 19, 41
List the prime factors of 334926.
2, 3, 23, 809
List the prime factors of 1003244.
2, 11, 151
What are the prime factors of 1105686?
2, 3, 19, 53, 61
What are the prime factors of 2424974?
2, 1212487
List the prime factors of 471878.
2, 11, 89, 241
What are the prime factors of 412274?
2, 139, 1483
List the prime factors of 246522.
2, 3, 181, 227
List the prime factors of 908145.
3, 5, 7, 31
What are the prime factors of 5882?
2, 17, 173
What are the prime factors of 410520?
2, 3, 5, 11, 311
What are the prime factors of 5029777?
2081, 2417
What are the prime factors of 2219058?
2, 3, 43, 47, 61
What are the prime factors of 36004651?
5471, 6581
List the prime factors of 107843.
107843
What are the prime factors of 352859?
13, 27143
What are the prime factors of 1734236?
2, 7, 241, 257
List the prime factors of 919781.
919781
What are the prime factors of 2119448?
2, 264931
What are the prime factors of 11804237?
401, 29437
List the prime factors of 285149.
47, 6067
List the prime factors of 395170.
2, 5, 43, 919
List the prime factors of 3079117.
257, 11981
List the prime factors of 5321561.
7, 17, 197, 227
What are the prime factors of 12361453?
13, 29, 32789
List the prime factors of 394930.
2, 5, 73, 541
What are the prime factors of 207897?
3, 23, 131
What are the prime factors of 3747342?
2, 3, 31, 20147
List the prime factors of 8962433.
19, 23, 20509
List the prime factors of 2759042.
2, 11, 13, 877
List the prime factors of 2244443.
647, 3469
List the prime factors of 431859.
3, 143953
List the prime factors of 5495233.
17, 323249
What are the prime factors of 918397?
918397
What are the prime factors of 2028085?
5, 587, 691
What are the prime factors of 480064?
2, 13, 577
What are the prime factors of 562438?
2, 19, 41
List the prime factors of 18865227.
3, 37, 169957
List the prime factors of 12125692.
2, 17, 23, 7753
List the prime factors of 